in base 9?
-14
What is 20 (base 7) in base 5?
24
What is -402 (base 8) in base 9?
-316
What is 175 (base 8) in base 14?
8d
1142 (base 6) to base 10
278
Convert -1 (base 12) to base 2.
-1
12 (base 10) to base 5
22
-66 (base 12) to base 16
-4e
What is 5b (base 12) in base 16?
47
Convert 11 (base 7) to base 3.
22
What is -2 (base 9) in base 3?
-2
-1 (base 11) to base 9
-1
Convert 25 (base 10) to base 5.
100
What is 71 (base 10) in base 13?
56
20220 (base 3) to base 6
510
Convert 218 (base 11) to base 13.
171
Convert -219 (base 11) to base 13.
-172
Convert -2 (base 9) to base 14.
-2
What is -2a (base 14) in base 7?
-53
-2 (base 15) to base 16
-2
What is -11110 (base 2) in base 5?
-110
What is 4 (base 6) in base 4?
10
110 (base 2) to base 3
20
Convert -5 (base 14) to base 11.
-5
4 (base 13) to base 9
4
Convert -8 (base 16) to base 15.
-8
1 (base 11) to base 16
1
Convert 4 (base 13) to base 11.
4
-13 (base 4) to base 15
-7
What is 5 (base 14) in base 12?
5
What is -101 (base 2) in base 8?
-5
3 (base 7) to base 14
3
7 (base 12) to base 7
10
11 (base 7) to base 11
8
-10 (base 2) to base 11
-2
-21 (base 4) to base 11
-9
3 (base 14) to base 15
3
-12 (base 14) to base 10
-16
-31 (base 5) to base 12
-14
What is -16 (base 7) in base 5?
-23
0 (base 2) to base 15
0
Convert 10 (base 14) to base 9.
15
-4 (base 16) to base 10
-4
-388 (base 9) to base 11
-274
0 (base 10) to base 3
0
Convert 19 (base 14) to base 3.
212
Convert 10 (base 6) to base 5.
11
15 (base 9) to base 7
20
What is 5 (base 8) in base 11?
5
0 (base 12) to base 11
0
Convert 1 (base 2) to base 3.
1
Convert 4 (base 15) to base 12.
4
Convert -5 (base 9) to base 12.
-5
Convert 1c6 (base 13) to base 9.
407
Convert 1101101 (base 2) to base 14.
7b
14 (base 6) to base 15
a
-2 (base 8) to base 3
-2
Convert -46 (base 12) to base 8.
-66
Convert 11 (base 2) to base 6.
3
Convert 6 (base 10) to base 5.
11
Convert -4 (base 12) to base 10.
-4
11 (base 9) to base 10
10
Convert c (base 14) to base 4.
30
-26 (base 15) to base 14
-28
1313 (base 6) to base 3
110100
-1 (base 13) to base 11
-1
4 (base 9) to base 12
4
What is 1 (base 6) in base 15?
1
-6 (base 12) to base 13
-6
-11 (base 2) to base 12
-3
Convert -19 (base 10) to base 2.
-10011
-320 (base 6) to base 2
-1111000
Convert -2 (base 6) to base 11.
-2
What is -d (base 14) in base 5?
-23
-1 (base 16) to base 3
-1
Convert 10 (base 10) to base 15.
a
d (base 14) to base 12
11
123 (base 9) to base 6
250
Convert -2 (base 10) to base 8.
-2
-2 (base 12) to base 6
-2
Convert 122 (base 3) to base 16.
11
What is 1a (base 12) in base 9?
24
Convert 0 (base 9) to base 2.
0
-304 (base 5) to base 14
-59
1 (base 7) to base 5
1
What is 17 (base 10) in base 2?
10001
Convert 27 (base 10) to base 15.
1c
Convert 55 (base 7) to base 9.
44
Convert -111111 (base 2) to base 7.
-120
What is -112 (base 8) in base 4?
-1022
Convert -1 (base 7) to base 12.
-1
What is 123 (base 7) in base 3?
2110
What is 2 (base 16) in base 3?
2
What is 0 (base 8) in base 7?
0
-1011 (base 3) to base 15
-21
-c (base 15) to base 3
-110
Convert -231 (base 6) to base 14.
-67
What is 11 (base 2) in base 7?
3
19 (base 10) to base 16
13
142 (base 9) to base 8
167
Convert -110110 (base 2) to base 7.
-105
10101 (base 2) to base 15
16
1013 (base 4) to base 13
56
34 (base 16) to base 2
110100
Convert 201 (base 4) to base 10.
33
20 (base 4) to base 2
1000
Convert -63 (base 12) to base 15.
-50
-1 (base 3) to base 10
-1
0 (base 7) to base 9
0
What is -72 (base 9) in base 5?
-230
Convert 4 (base 11) to base 16.
4
Convert -2 (base 3) to base 5.
-2
48 (base 9) to base 2
101100
Convert 0 (base 2) to base 12.
0
Convert -a3 (base 15) to base 10.
-153
What is 245 (base 12) in base 6?
1325
What is 2 (base 15) in base 13?
2
-3 (base 11) to base 13
-3
What is 57 (base 12) in base 9?
74
Convert -1b (base 13) to base 9.
-26
What is 4 (base 13) in base 9?
4
Convert 11 (base 3) to base 15.
4
4 (base 14) to base 15
4
Convert 300 (base 5) to base 16.
4b
Convert 202 (base 4) to base 6.
54
4 (base 14) to base 5
4
8d (base 14) to base 7
236
Convert 10011000 (base 2) to base 3.
12122
606 (base 7) to base 6
1220
14 (base 5) to base 12
9
-8 (base 11) to base 16
-8
-8 (base 13) to base 2
-1000
Convert 5 (base 14) to base 15.
5
Convert -5 (base 14) to base 4.
-11
28 (base 12) to base 9
35
What is -101 (base 2) in base 15?
-5
What is -17c (base 13) in base 10?
-272
What is -1220 (base 4) in base 6?
-252
What is 35 (base 12) in base 9?
45
3 (base 10) to base 5
3
What is 4 (base 7) in base 12?
4
What is -10 (base 9) in base 11?
-9
Convert -1 (base 6) to base 2.
-1
171 (base 9) to base 13
b2
Convert -a (base 16) to base 5.
-20
Convert -2 (base 10) to base 15.
-2
-11 (base 2) to base 8
-3
10 (base 5) to base 13
5
0 (base 10) to base 4
0
Convert -337 (base 10) to base 16.
-151
Convert -2210 (base 3) to base 16.
-4b
What is 4 (base 8) in base 10?
4
Convert 8 (base 12) to base 15.
8
-100 (base 2) to base 16
-4
Convert -73 (base 12) to base 15.
-5c
What is 4 (base 15) in base 8?
4
Convert 123 (base 4) to base 5.
102
-276 (base 9) to base 6
-1023
-4 (base 5) to base 2
-100
Convert 1 (base 3) to base 8.
1
What is 164 (base 12) in base 5?
1340
What is -7 (base 9) in base 15?
-7
Convert -88 (base 11) to base 3.
-10120
What is 2 (base 15) in base 4?
2
Convert -6 (base 8) to base 16.
-6
Convert -10 (base 4) to base 16.
-4
52 (base 6) to base 9
35
What is 1 (base 11) in base 6?
1
Convert -160 (base 8) to base 2.
-1110000
-ee (base 15) to base 10
-224
What is -4 (base 9) in base 12?
-4
Convert 103 (base 15) to base 14.
124
Convert -2 (base 8) to base 15.
-2
What is 1021 (base 6) in base 15?
104
2021 (base 3) to base 2
111101
What is -3 (base 6) in base 7?
-3
27 (base 8) to base 15
18
101000 (base 2) to base 14
2c
What is 532 (base 7) in base 4?
10030
What is -3 (base 13) in base 5?
-3
What is 74 (base 14) in base 8?
146
What is 1 (base 7) in base 15?
1
What is a (base 11) in base 3?
101
Convert 63 (base 16) to base 13.
78
What is 420 (base 5) in base 2?
1101110
What is -5 (base 14) in base 3?
-12
What is -2 (base 6) in base 12?
-2
Convert -13 (base 10) to base 6.
-21
What is 11022 (base 3) in base 10?
116
Convert -3 (base 11) to base 7.
-3
101 (base 3) to base 13
a
28 (base 9) to base 11
24
What is -a1 (base 14) in base 2?
-10001101
Convert 31 (base 13) to base 10.
40
Convert -13 (base 9) to base 7.
-15
5 (base 14) to base 6
5
8a (base 13) to base 7
222
What is 41 (base 8) in base 2?
100001
Convert -45 (base 12) to base 11.
-49
What is 564 (base 7) in base 11?
245
Convert 356 (base 9) to base 8.
446
Convert -121 (base 4) to base 2.
-11001
-15 (base 7) to base 12
-10
What is 1 (base 8) in base 11?
1
What is 1 (base 16) in base 2?
1
What is 14 (base 15) in base 3?
201
What is 46 (base 15) in base 9?
73
Convert 2212 (base 4) to base 16.
a6
1024 (base 5) to base 14
9d
-240 (base 10) to base 8
-360
What is -20 (base 4) in base 12?
-8
-324 (base 5) to base 13
-6b
Convert 2 (base 8) to base 14.
2
-6 (base 13) to base 7
-6
What is -121 (base 3) in base 14?
-12
Convert 100 (base 6) to base 5.
121
-9 (base 15) to base 8
-11
Convert 6 (base 8) to base 3.
20
Convert 1 (base 15) to base 16.
1
What is 1aa (base 12) in base 9?
334
4 (base 8) to base 10
4
-135 (base 11) to base 4
-2133
a (base 14) to base 15
a
What is -120 (base 6) in base 15?
-33
-35 (base 12) to base 7
-56
Convert -2 (base 10) to base 9.
-2
What is 10 (base 14) in base 2?
1110
Convert -26 (base 11) to base 6.
-44
Convert 110101 (base 2) to base 14.
3b
-44 (base 8) to base 9
-40
What is -132 (base 16) in base 5?
-2211
-45 (base 13) to base 14
-41
19 (base 14) to base 7
32
-5 (base 16) to base 6
-5
101 (base 4) to base 5
32
What is 1000110 (base 2) in base 6?
154
What is -204 (base 11) in base 15?
-116
Convert 30 (base 5) to base 8.
17
Convert 2 (base 9) to base 7.
2
What is -213 (base 9) in base 14?
-c6
What is 0 (base 13) in base 14?
0
What is f4 (base 16) in base 13?
15a
1 (base 7) to base 13
1
Convert 103 (base 7) to base 8.
64
Convert 11100 (base 2) to base 8.
34
c (base 14) to base 9
13
Convert 1 (base 16) to base 13.
1
What is -81 (base 15) in base 9?
-144
Convert -14 (base 9) to base 5.
-23
What is -27 (base 13) in base 9?
-36
Convert -4 (base 13) to base 2.
-100
-2 (base 5) to base 11
-2
Convert -2